rs of b?
13, 71
Let d = 24192 + -4752. What are the prime factors of d?
2, 3, 5
Let d(r) = 109*r**2 + 9*r - 2. Suppose 4*t = 3*j + 14, -4*j - 12 = -9*t + 7*t. List the prime factors of d(t).
2, 113
Let j be ((-296)/12)/(548/180 + -3). Let p = -297 - j. List the prime factors of p.
2, 3, 43
Let g = -22 + 36. Let i(f) = -8 - 2 + 31*f - g*f + 46*f. What are the prime factors of i(3)?
179
Let u(j) = 594*j**2 - 86*j - 41. What are the prime factors of u(6)?
59, 353
Suppose -38*u + 33*u + 3*i + 33646 = 0, 26912 = 4*u - 4*i. What are the prime factors of u?
53, 127
Let n be -3 + (2 - (-74)/2). Suppose -40*v + n*v + 328 = 0. Let o = -65 + v. What are the prime factors of o?
17
Let w be (288/(-84))/(3*2/42). Let u = w - -103. List the prime factors of u.
79
Suppose 32*y - 27*y = 125. Let p(r) = r**2 + 23*r - 3*r**3 + 27 + 12*r**2 - y*r + 2*r**3. List the prime factors of p(12).
3, 7
Let n = -575 + 1876. Suppose 0 = -4*o + 7*o + 3*d - 1959, 2*o - n = -3*d. List the prime factors of o.
2, 7, 47
Let v(i) = -i**3 - 36*i**2 - 61*i + 35. Let c = 128 - 163. What are the prime factors of v(c)?
3, 5, 7
Suppose -220 = 4*b - 164. Let h be ((-21525)/b)/(-5)*8/10. Let k = 477 + h. What are the prime factors of k?
3, 7, 11
Let v = -3050 - -3137. Let l(z) = z**3 - 4*z**2 + z + 5. Let j be l(4). Let x = j + v. List the prime factors of x.
2, 3
Let k(o) = -621*o - 4203. List the prime factors of k(-47).
2, 3, 347
Suppose 66*s + 22492 = -3116. Let g = s - -1040. What are the prime factors of g?
2, 163
Let i = -20 - -24. Suppose j - 5 = -b, -b + i*b = -2*j + 13. Suppose -206 = -j*w + 24. What are the prime factors of w?
5, 23
Let t = 864 - -642. Let u = 2590 - t. Suppose 0*j = 3*a - j - 652, 5*a + j - u = 0. What are the prime factors of a?
7, 31
Let f = 13324 - -17806. What are the prime factors of f?
2, 5, 11, 283
Suppose -18*f = -17*f - 30. Suppose 4*n - 5*g = f, -5*n + 27 = 2*g - 3*g. What are the prime factors of n?
5
Let u(n) = -n**3 - 3*n**2 - 13. Let b be u(-4). Suppose 3*d + b*d - 3264 = 0. What are the prime factors of d?
2, 17
Suppose -g + 0 = 2*o - 11, 5*g = -3*o + 20. Suppose -4581 = -o*y - 4*y. Suppose -5*j = -4*x + y, x - 250 = -x - 2*j. What are the prime factors of x?
2, 3, 7
Let t be ((-284)/6)/(((-28)/(-7))/(-24)). Let q(f) = f**3 + 12*f**2 - 14*f - 13. Let l be q(-13). Suppose l = -6*x + 1556 - t. List the prime factors of x.
2, 53
Let a = -5503 - -10675. What are the prime factors of a?
2, 3, 431
Suppose 0*w + 31*w = 5*w. Suppose -41*k + 29142 - 9544 = w. List the prime factors of k.
2, 239
Let x be 3 + 300/44 + 2/11. Suppose x*o - 12*o = -12. List the prime factors of o*7/((-56)/(-12)).
3
Let a be 125/(-50) - (-1629)/6. Suppose 6*t + 3*s - a = 4*t, 5*s + 25 = 0. List the prime factors of t.
2, 71
Let x(f) = 8*f + 16*f + 2*f - 106. What are the prime factors of x(14)?
2, 3, 43
Suppose -5*a + 3*b = 2*b - 56, 3*a = 4*b + 20. Suppose a = 4*u, 1446 = -0*j + 3*j - 5*u. What are the prime factors of j?
487
Suppose -563 = -2*h - 3*n, -n - 1091 = -h - 3*h. Let q = 649 - h. Suppose 0 = 8*a - 545 - q. List the prime factors of a.
5, 23
Suppose 356 = 31*t - 35*t. Suppose 4*x - 38 + 227 = g, 3*g = 4*x + 591. Let y = g + t. List the prime factors of y.
2, 7
Let h be -2 + 4/14 + 141/21. Suppose -h*b + 10 + 20 = 0. What are the prime factors of -3*1035/(-35) - b/(-21)?
89
Let x be 3 + (-826)/(-8)*(-22 + 26). Suppose 3*q = -3*u + 2568, -2*q + 2128 = -u + x. What are the prime factors of q?
2, 107
What are the prime factors of (15/(-9) + 394041/(-63))/(20/(-140))?
2, 3, 811
Let b(r) = -r**2 + 25*r - 3. Let a be b(24). What are the prime factors of 9830/a + 8/(-84)?
2, 3, 13
Let y(l) be the second derivative of -149*l**5/20 + l**3/6 - 24*l. Let o be y(-1). Let h = 267 - o. List the prime factors of h.
7, 17
Let n(g) = 95*g + 7. Suppose 3*w = -3*w + 12. Let b be n(w). Suppose -3*m + 4*u = -b, -u = 4*m - 4*u - 258. What are the prime factors of m?
3, 7
Let f be ((-5104)/6)/(-4) - (-11)/33. Suppose 0 = 2*c - 5*t - 901, f + 697 = 2*c - 2*t. What are the prime factors of c?
2, 229
Suppose -3*m - 5 = -4*m. Let u(s) = 7*s**2 - s - 5. Let j be u(m). Suppose 163 = 3*t - 2*l, -3*t + 4*l - l + j = 0. What are the prime factors of t?
53
Let f(z) = 3*z**2 + 12*z + 15. Let w be f(-3). List the prime factors of 442 - (0/w - 6).
2, 7
Let m = 2724 + -458. Suppose -m - 1937 = -9*u. List the prime factors of u.
467
Suppose -44*d - 1054352 = -181*d. List the prime factors of d.
2, 13, 37
Let r be 0*((-7)/(-2))/7 + 5. Suppose 0 = 4*g + v - 0*v - 13, -5*g + 35 = r*v. What are the prime factors of (-148 + (-3 - -2))*-1*g?
2, 149
Let n = 104076 - 66608. What are the prime factors of n?
2, 17, 19, 29
Suppose k - 99 - 51 = -5*m, 0 = -2*m - 3*k + 73. Let z(i) = -i**2 + 31*i - 22. Let x be z(m). Suppose -130 + x = -v. List the prime factors of v.
2, 47
Suppose -9*v = -2 - 25. Suppose 3*h = 2*r + v*r + 5, 0 = 5*h + 5*r + 5. Suppose -7*z + 10*z - 306 = h. What are the prime factors of z?
2, 3, 17
Suppose 4*w = c + 1367 + 2995, -3*c - 6 = 0. List the prime factors of w.
2, 5, 109
Let c = -11261 + 20944. What are the prime factors of c?
23, 421
Let x = 45789 + 11227. List the prime factors of x.
2, 7127
Suppose -4*j - q = -9*j + 698, -2*j - 3*q + 269 = 0. Let b = j + -42. Suppose u + s = 66, 3*u - 5*u + 5*s = -b. List the prime factors of u.
61
Let x = 57 + -66. List the prime factors of -1*(8 + x)/((-2)/(-1076)).
2, 269
Let b = 17182 + 70925. List the prime factors of b.
3, 43, 683
Suppose -481*y = -563*y + 711350. List the prime factors of y.
5, 347
Let p(i) = 4*i**2 - 13*i - 93. Let x be p(27). Suppose 27*q - 15*q = x. What are the prime factors of q?
2, 103
Suppose -4*j = -3*z + 40507, -4*z + 24*j - 27*j = -54026. List the prime factors of z.
5, 37, 73
List the prime factors of 324378/(-12)*(-16)/72.
6007
Let j(x) = -x**3 + 69*x**2 - 129*x - 225. What are the prime factors of j(64)?
13, 71
Let l(f) = 6*f + 18. Let g(n) = -5*n - 17. Let m(h) = -3*g(h) - 2*l(h). Let r be m(-8). What are the prime factors of (-276)/r + 6/(-9)?
2, 3, 5
Suppose 0*z = -4*l + z + 80, 0 = 5*l + 2*z - 100. Suppose 3*v + 1020 = l*v. List the prime factors of v.
2, 3, 5
Suppose 65818 = 3*z + 5*a, -3*z - 2*a - 16270 + 82073 = 0. What are the prime factors of z?
7, 13, 241
Let y = -1385 + 2658. List the prime factors of y.
19, 67
Let f(d) = 1032*d - 2779. List the prime factors of f(15).
13, 977
Suppose -2*v + 13 - 3 = 0, 2*y - 13 = -v. Let j = 7 + -5. Suppose -2*d = -d - p - 210, -j*d - y*p + 420 = 0. List the prime factors of d.
2, 3, 5, 7
Let w(v) = v**3 + 4*v**2 + 4*v + 5. Suppose 0 = -4*k - 8. Let p be w(k). Suppose -p*z + 2*z + 147 = 0. What are the prime factors of z?
7
Suppose 0 = 4*d + 2*g - 99498, 2874 + 71757 = 3*d + 4*g. List the prime factors of d.
3, 8291
Suppose -9*b + b = -24. Suppose -4*c = -b*s - 31, 0*s + 5*s = -5. Suppose 10*x - 219 = c*x. List the prime factors of x.
73
Let u be 3/(5*24/(-18640)). List the prime factors of u/(-4) - (6 + (-54)/12).
5, 23
Let a(x) = x**3 - 5*x**2 - 6*x - 15. Let i be a(7). Suppose -i*o + 36*o + 765 = 0. List the prime factors of o.
3, 17
Let f(c) = -16*c - 307. Let r be f(39). Let k = r + 2392. What are the prime factors of k?
3, 487
Let o = 2682 - 1621. Let f = -408 + o. List the prime factors of f.
653
Let g(n) = -3500*n**3 + 18*n**2 - 4*n - 6. List the prime factors of g(-1).
2, 3, 293
Suppose 0*i = 3*i + 5*s + 10, -4*s - 30 = -2*i. Let l be (i - 1) + -2 + -1. What are the prime factors of 4/(-10) - (362/(-5) - l)?
73
Let r(k) = k**3 - 5*k**2 - 14*k + 4. Let b be r(7). Let n(j) = 142*j - 6. What are the prime factors of n(b)?
2, 281
Suppose -25*s + 47250 = 5*s. What are the prime factors of s/6*24/18?
2, 5, 7
Let b(h) = 6*h + 40 + h + 54 + 51 - 131. Suppose 2*r - 8 = 4. What are the prime factors of b(r)?
2, 7
Suppose 2*y = -3*q + q + 538, -4*y + 528 = 2*q. Let c = q - 258. List the prime factors of c.
2
Let c = 3541 + -3538. List the prime factors of c.
3
Let u(l) be the third derivative of -l**6/40 - 11*l**5/60 + 13*l**4/24 + 35*l**3/6 - 8*l**2 + 3. List the prime factors of u(-8).
7, 109
Suppose 5*x - 287 = b - 4*b, 0 = -4*x + 4. Let a = b + -86. Suppose 10*m - a*m = 180. What are the prime factors of m?
2, 3, 5
Let k be 8 + (-3)/6*6/1. Suppose -12*t + 10*t = -k